5*u - 1090 = -5*p, 11*p - 6*p + 3*u - v = 0. What is the units digit of p?
4
Suppose -u + 183 = -87. Suppose -u = 6*q - q. What is the units digit of (-81)/q - 9/(-4)*26?
0
Suppose 5*b - 24658 = -3*c + 304596, 0 = -5*c - 10. What is the tens digit of b?
5
Suppose -70 - 57 = -5*o - 4*d, 4*d - 100 = -4*o. Suppose -o*l = -12053 - 6226. What is the tens digit of l?
7
Let o = 52 - 48. Let l be (-124)/(-10) + -1 + o/(-10). What is the units digit of (l - 7)/(2*1)?
2
Suppose 88 = -a + 96. Suppose 0 = -2*c - a, 5*f - 4*c - 6889 + 1373 = 0. What is the hundreds digit of f?
1
Suppose -x - 15 = 5*s - 2*s, 2*x = 3*s + 15. Suppose 8*w = -x*w + 144. Suppose 2*k - 66 = w. What is the tens digit of k?
4
Let p = 19 + -14. Suppose 3*q - 17 = -p. What is the tens digit of (50/(-15))/(q/(-78))?
6
What is the hundreds digit of 15/(1575/424210) - (-2 + (-220)/(-105))?
0
Suppose -z = -3*s + 22975, -4 = z - 6. What is the thousands digit of s?
7
What is the units digit of 2/6 + -303*690/(-135)?
9
Let r = 2601 + 24507. What is the tens digit of r?
0
Let l(x) = -5*x - 18. Let t be l(-5). Suppose 1343 = t*r - 5741. Suppose -8*o - 84 + r = 0. What is the units digit of o?
6
Let o(m) = 4*m**2 + 43*m - 51. Let j(u) = 3*u**2 + 43*u - 52. Let a(b) = 5*j(b) - 4*o(b). What is the tens digit of a(36)?
9
Let j(p) = -p**3 + 14*p**2 + 18*p - 19. Let d be j(15). Let v = 127 + -120. Let w = d + v. What is the units digit of w?
3
Suppose -4*c + 570 = -1510. Let w = c + -10. What is the units digit of w?
0
What is the units digit of (-5577910)/(-390) + 14/(-6)?
0
Suppose 4*u + 48*c - 46*c = 7080, -c = -4. What is the hundreds digit of u?
7
Let n(a) = a**3 + 10*a**2 + 3*a - 12. Suppose 5 = 12*i + 77. Let w(r) = -2*r - 19. Let j be w(i). What is the tens digit of n(j)?
1
Let h be 340/(-12)*(14 - 2). What is the units digit of h*((-4)/4)/((-15)/(-6))?
6
Suppose 0 = c - 5*j - 155 - 446, -3*j - 1230 = -2*c. What is the hundreds digit of (-2 - 42/(-12))*(c + -3)?
9
Let l(c) = 2*c**2 + 24*c - 23. What is the tens digit of l(-40)?
1
Suppose -9*l + 34 = 5*g - 12*l, 4*g - l - 23 = 0. What is the units digit of (-812)/(-10) - 1/g?
1
Let f be 43 + 2 - (-5 - 0 - -6). What is the units digit of 1/(3/1310) - f/66?
6
Let r be 27*1/(3*4/12). What is the hundreds digit of (-33)/(((-105)/r)/(-1) + -4)?
2
Let n be 2/(-7*(-10)/105). What is the hundreds digit of (-7746)/(-51) + (-98)/34 + n?
1
Let l = -43 - 13. Let w = 251 + l. Suppose 0*g + 5*u = -g + 25, -4*g + w = u. What is the units digit of g?
0
Suppose -25247 = -4*h - 3*a, -5*a + 21794 = 4*h - 3463. What is the hundreds digit of h?
3
Suppose 3*f - 4 = 4*f. Let p(s) = -3*s**3 + 2694 - 2698 + 58*s - 51*s + 3*s**2. What is the tens digit of p(f)?
0
Suppose 14*g + 1326 = -5996. Let k = -342 - g. What is the tens digit of k?
8
Let j(l) = -l**2 - 24*l - 59. What is the units digit of j(-12)?
5
Suppose 16956*t - 16964*t = -71096. What is the hundreds digit of t?
8
Let s(o) = -o**2 - 15*o + 19. Let j be s(-16). Let g(k) = 105*k - 9. Let m(l) = 53*l - 5. Let b(y) = 5*g(y) - 9*m(y). What is the units digit of b(j)?
4
Suppose -2*k + 368 = 2*r, r + k - 181 = 3*k. Suppose -397 = -4*y + r. What is the hundreds digit of y?
1
What is the units digit of 0 + 2 + -2 + (-8 - -4519)?
1
Let b be 90/(45/5)*-3. Let q = b - -267. What is the units digit of q?
7
Suppose -14454 + 97047 = 7*x. Suppose 22*p = -4363 + x. What is the hundreds digit of p?
3
Let w(n) = -341*n**3 + 3*n**2 - 5*n - 9. What is the tens digit of w(-2)?
4
Let j be (-91)/(-7) - (-3 - -5). Suppose -j*v = -2455 - 1758. What is the hundreds digit of v?
3
Suppose 1637 = -4*y - g - 1452, y = 4*g - 785. Let k = y - -1386. What is the hundreds digit of k?
6
Suppose -6*s + 31643 + 12959 = -62294. What is the units digit of s?
6
Let y = 33 - 27. Let p be 4 - (-2)/y*0. Suppose -62 = -3*b - v - 4*v, 104 = p*b - 4*v. What is the tens digit of b?
2
What is the hundreds digit of ((-32)/(-4) - -650)*62/4?
1
Let q = 10067 + -7026. What is the tens digit of q?
4
Let c(r) = 39*r**3 + 4*r**2 - 2*r - 2. Let i be (-8)/12*-9 + 2*-2. What is the hundreds digit of c(i)?
3
Suppose -c = -28 - 12. Suppose -128*f + c = -123*f. What is the units digit of f?
8
Let x(m) = -m**3 - m**2 + 10*m + 26. Let k(p) = -2*p**3 - 3*p**2 + 19*p + 53. Let h(l) = -6*k(l) + 13*x(l). What is the units digit of h(-6)?
0
Suppose -2*q = 104*k - 102*k - 112512, 6 = k. What is the hundreds digit of q?
2
Let y(k) = -7650*k + 352. What is the units digit of y(-3)?
2
Let z = -63 + 66. Suppose z*k + 16 - 52 = 0. What is the units digit of (k - 1) + -2 + 2?
1
Let m(f) = 978*f**2 + 26*f + 96. What is the units digit of m(-5)?
6
Suppose -5*h + 954 + 1706 = 0. Suppose 4*n - h = -15*n. What is the units digit of n?
8
Suppose -7*d = -19*d + 228. Suppose -8*k - 2706 = -d*k. What is the units digit of k?
6
Let i(u) = -11*u**3 + 56*u**2 + 32*u + 160. Let o(p) = 5*p**3 - 27*p**2 - 16*p - 81. Let y(n) = -6*i(n) - 13*o(n). What is the tens digit of y(-10)?
3
Let z = -1094 - -756. What is the units digit of (2 - (-3304)/13) + 52/z?
6
Suppose -c + 0*c - 3*v = 12, 4*v + 26 = 2*c. Let s = c - -4. What is the units digit of (4 - -570)/s + 2*-1?
0
Let q(r) = 11*r**2 - r - 12. Let k be q(-6). Let d = 709 - k. What is the hundreds digit of d?
3
What is the ten thousands digit of (42/(-5))/((-32442)/(-32460) - 1/1)?
1
Suppose 5*j - 23*j = -6*j - 373872. What is the thousands digit of j?
1
Suppose -2490 = 3*o - 9*o. Suppose 797 = -5*i + 5*r + 2722, 5*r = -i + o. Suppose 0 = 5*j - 3*l - 90 - i, 3*j - 277 = 4*l. What is the tens digit of j?
9
Suppose 0 = 2*l + 3*m, 4*m + 3 = -5*l + 10. What is the tens digit of 454/l + (-1)/3?
5
Suppose -2*f - 5 = k - 3, -3*f = -k + 8. Suppose -3*o + 742 = 5*m + o, k*o + 140 = m. What is the units digit of m?
6
Let d(b) = 12*b**2 - 2*b - 5. Let j be d(-5). Suppose -3*p - j = 2*p. Let h = -15 - p. What is the tens digit of h?
4
Let g = 40 - 39. Suppose -4*l - b = -7 - g, -4*b = -4*l + 8. What is the tens digit of -4 + 656/10 + l/5?
6
Let c = 7994 + -6738. What is the thousands digit of c?
1
Let l(c) = -55*c + 52. Let j be l(-8). Let d = j - -335. What is the tens digit of d?
2
Let t be ((-27)/(-18))/((-2)/(-116)). Let l = t + 293. What is the hundreds digit of l?
3
Suppose -33*m - 305032 = -46*m. What is the tens digit of m?
6
Let a = -30 - 18. Let g = 48 + a. Suppose 0 = -g*n - n + 4, -n - 242 = -3*v. What is the tens digit of v?
8
Suppose -5*f + 4 + 16 = 0. Suppose 0*j = f*j. Suppose 0 = -b - j - 5, 3*q + 4*b = 214. What is the tens digit of q?
7
Let p(j) = 15*j + 46. Let u be p(-8). Let n = 83 + u. Let d = 45 - n. What is the units digit of d?
6
Let r(k) = 2*k - 6. Let g be r(8). Suppose 0 = -n - 2*n - 5*d + g, n + 10 = 5*d. Suppose -4*t + n*t = -916. What is the hundreds digit of t?
2
Suppose -2 = -n - 6. Let j(v) = -10*v**3 + 8*v**2 + 3*v + 6. Let o(x) = -9*x**3 + 7*x**2 + 2*x + 6. Let r(s) = n*o(s) + 3*j(s). What is the units digit of r(3)?
3
Let y(a) = -a**2 - 4. Let t be y(-7). Let f = t - -302. Suppose 5*v = 5*r - 705, 5*r = 2*v + f + 447. What is the tens digit of r?
3
Suppose -23035 = 3*f + 4*a - 56459, -55712 = -5*f - 4*a. What is the tens digit of f?
4
Let n(o) = -3781*o + 105. What is the hundreds digit of n(-11)?
6
Let t(f) = -1668*f - 2260. What is the tens digit of t(-9)?
5
Let s be ((-84)/(-49))/(6/84). Suppose -s*o = 7*o - 16461. What is the hundreds digit of o?
5
Let k(p) = 10*p**3 - 5*p**2 - 3*p + 8. Let s = 42 - 38. What is the units digit of k(s)?
6
Let c(p) = 659*p - 87. What is the units digit of c(5)?
8
Let n(v) = 120*v**2 - 11*v + 74. What is the units digit of n(-7)?
1
Let n(g) = 2*g**3 - 5*g**2 + 110*g + 34. What is the units digit of n(11)?
1
Suppose -7 = 6*j + j. Suppose -5*l = -10*l - 60. What is the hundreds digit of (j - -171) + 0*(-2)/l?
1
Suppose -96*b + 693331 + 423629 = 0. What is the thousands digit of b?
1
Suppose -3852 = -3*s + 5*b, 9*b - 4*b = 15. Suppose 2*i - 6 = 0, -4*u = 10*i - 7*i - s. What is the tens digit of u?
2
Let u(q) = 51*q**2 - 7*q + 51. What is the units digit of u(7)?
1
Let z = 177 + -174. Suppose 4*h - 2 + 10 = 0. What is the units digit of 21 + -2 + (h + 5)/z?
0
Let o = 573 - -631. What is the units digit of o?
4
Let o(x) = 3*x**2 + 22*x + 61. Let w be o(-11). Suppose 406 = 3*y + k - 182